Let t = a - c. Is 5 a factor of t?
True
Does 8 divide -1*8/12*-96?
True
Let z(o) = o**3 + 11*o**2 - 29*o - 25. Is z(-13) a multiple of 2?
True
Let a be ((-1)/(-3))/(1/18). Suppose -3*m + 5*r + 17 = 0, -a*m + m + r = -21. Is 3/1 - (-28)/m a multiple of 4?
False
Let g(u) = u**3 + 10. Let z = -15 - -21. Let f = z - 6. Does 10 divide g(f)?
True
Suppose 0 = 2*b - 20 + 6. Suppose -7 = -u + b. Does 14 divide u?
True
Let i(g) = -13*g - 3. Let z be i(-3). Does 3 divide (z - 6)*(-1)/(-2)?
True
Does 3 divide (-1)/(2/72*-2)?
True
Let q(s) = -s**3 - 10*s**2 - 10*s - 9. Let h be q(-9). Suppose g - 104 = 5*u, -2*u = -h*u - 4*g + 38. Is 16 a factor of (u/4)/(21/(-112))?
False
Is 5 a factor of (-1)/(-3) + 13/(234/444)?
True
Let b(x) = x**2 - 2. Let f be b(0). Let c = f - -13. Is 3 a factor of c?
False
Let o = 102 - 50. Does 14 divide o?
False
Let q = -7 + 31. Is 9 a factor of q?
False
Suppose 0 = -4*o + o + 5*y + 40, -4*o = 5*y + 5. Suppose o*x = -5*j + 35, 4*j + 9 = -x + 31. Does 5 divide (0 - (0 + -3)) + x?
True
Let r(y) = -y**3 - 9*y**2 - 8*y - 1. Let f be r(-8). Does 10 divide (f - -9) + (2 - 0)?
True
Let f = 3 - -7. Suppose -3*j + f = 2*j. Is j even?
True
Let g(l) = l**2 - l - 7. Suppose -24 = -2*k + 2. Let q = k + -8. Does 8 divide g(q)?
False
Let p(v) = 20*v**2 + 2*v + 1. Suppose 4*g = 2 - 6. Is p(g) a multiple of 19?
True
Let l(g) = -4*g**3 + 9*g**2 + 6*g. Let q(k) = -11*k**3 + 26*k**2 + 17*k - 1. Let f(i) = -8*l(i) + 3*q(i). Is 5 a factor of f(6)?
True
Let x(t) = 4*t**2 + 5*t - 6. Let h(r) = -4*r**2 - 4*r + 5. Let i(k) = -6*h(k) - 5*x(k). Let p be i(-1). Suppose p*f = 27 + 58. Is f a multiple of 11?
False
Let l = -2 + -5. Let h = 1 + l. Let i(c) = -3*c - 6. Does 6 divide i(h)?
True
Suppose 0 = -n + 5*n + 5*i + 7, -5*n - 2*i + 4 = 0. Suppose n*f + 1 = 9. Is f/6 - (-590)/15 a multiple of 16?
False
Suppose 0 = 5*j - 110 - 180. Let v = j + 27. Does 13 divide v?
False
Suppose 0 = -4*h + v + 85, 5*h - 50 - 54 = 2*v. Is 22 a factor of h?
True
Let f(i) = 8*i**2 - i + 1. Let s be f(-2). Is 6 a factor of 10/s - (-248)/14?
True
Suppose 259 = 5*t - 6. Is t a multiple of 19?
False
Suppose 3*k = 3*o - 198, -4*k - 3*o = 29 + 200. Let u = -32 - k. Let z = u + -10. Is z a multiple of 16?
False
Let n be -2 + ((-3)/(-3) - 4). Is 13 a factor of ((-52)/10)/(1/n)?
True
Let b(n) = 32*n - 2. Let a be b(5). Suppose -5*p + a = -s, 2*p + 3*p - 167 = 4*s. Suppose -3*v + p = 5*r, 2*r - 2*v - 21 - 1 = 0. Is r a multiple of 8?
True
Let z(l) = -l**2 + 8*l + 7. Suppose -2*a = -4*v + 32, -2*a = -0*v + v + 2. Is 19 a factor of z(v)?
True
Let h be (26/4)/((-5)/(-30)). Suppose -4*f = -f - h. Does 13 divide f?
True
Is 15 a factor of (-2814)/(-12) + 1/(-2)?
False
Suppose 0*g + 12 = 3*g. Suppose -g*v - 3 = -k, 4*k - 52 = v - 5*v. Is 11 a factor of k?
True
Let y(h) be the first derivative of -h + 2 - 27/2*h**2. Is y(-1) a multiple of 13?
True
Let a = 326 - 78. Suppose 2*j - g = 3*j - 56, 3*g + a = 5*j. Does 26 divide j?
True
Let g = -1 - -21. Let z = g - 10. Let a = z - -4. Does 14 divide a?
True
Suppose f - 715 = -2*f + 4*q, 2*q + 8 = 0. Is f a multiple of 14?
False
Suppose 14 = -4*f - 54. Let g = f - -28. Is g a multiple of 11?
True
Suppose -4*j = -f + 34, -f - 3*j + 70 = 22. Is f a multiple of 11?
False
Suppose -k = -0*k - 3. Let d = -49 + 73. Let o = d - k. Is o a multiple of 8?
False
Let o be 0*3/(3 - -3). Does 8 divide o + (-16 + -2)/(-1)?
False
Suppose 0 = -4*y - 3*z + 2*z + 320, 2*y + 5*z - 160 = 0. Does 16 divide y?
True
Let m(z) = -11*z**2 + 7*z + 114. Let f(h) = 5*h**2 - 3*h - 57. Let x(u) = -9*f(u) - 4*m(u). Does 19 divide x(0)?
True
Does 19 divide 2/6 - (-251)/3?
False
Let c(z) = 2*z + 15. Does 33 divide c(9)?
True
Suppose 0 = -5*t + f + 2*f, 0 = 4*t + 5*f. Suppose -g + 3*g = t. Suppose -c = -g*c + 2, -4*c = u + 1. Does 4 divide u?
False
Let j = 5 + -2. Suppose j = z - 2. Suppose 0 = -2*f + 3*w - 2, -33 = -3*f - z*w + 2. Is f a multiple of 4?
False
Suppose -d + 2 = -0*d. Is (d - (-5)/(-2))*-10 a multiple of 2?
False
Is (-5)/((-10)/8)*(4 + 13) a multiple of 12?
False
Is (-2 - 0) + -3 + 86 a multiple of 17?
False
Suppose -160 - 8 = -4*i + 4*j, -3*j = 5*i - 170. Suppose i = -2*u + 173. Let y = u + -39. Does 20 divide y?
False
Let a = -76 + 106. Is 20 a factor of 4/(-6) + 1610/a?
False
Suppose 0*f - 2*f = -4. Suppose -f*k = 2*k - 68. Is k a multiple of 11?
False
Suppose 3*u = 3, 4*x + 29 = 2*x - u. Let v = 28 + x. Is 10 a factor of v?
False
Does 4 divide 4/16 - (-1 + 310/(-8))?
True
Let u(h) be the second derivative of h**4/12 - h**3/6 + 3*h**2/2 + h. Is 12 a factor of u(4)?
False
Let d be (7 - 4) + 5/1. Let w(m) = -m**2 + 7*m - 6. Let c be w(6). Suppose -k - k + d = c. Is k even?
True
Let u = -16 + 1. Let y = 13 - u. Is y a multiple of 9?
False
Let a = 20 + -14. Suppose -4*i - a = -2*c + 14, -c - 5*i + 3 = 0. Is 4 a factor of c?
True
Suppose -5*k + 5 + 1 = 2*m, 2*k - 10 = 3*m. Is 4 a factor of (45 - 0)*k/6?
False
Suppose r + 0 - 2 = -4*u, 3*u = 2*r - 4. Suppose -g - r = -15. Is 5 a factor of g?
False
Let j = -28 + 213. Is j a multiple of 16?
False
Does 6 divide 194/8 + (-3)/12?
True
Suppose 2*v + 97 = p + 249, -5*v + 2*p + 382 = 0. Does 26 divide v?
True
Does 19 divide 5 + (-4 - -9) + 88?
False
Suppose 1 = f - 15. Does 8 divide f?
True
Let i = -22 - -30. Does 2 divide i?
True
Suppose 17 = 5*h + 2. Suppose h*d - 96 = -d. Does 23 divide d?
False
Suppose 7*p - 2742 = 912. Does 29 divide p?
True
Suppose -3*m + 24 = -2*d - 0*d, 2*d = 4*m - 34. Is (m - 4) + (0 - -2) a multiple of 3?
False
Let x be -3 - 20*18/(-4). Let a = -61 + x. Is a a multiple of 15?
False
Suppose 0*d - 2 = -d - 2*x, 0 = -2*d + 2*x - 2. Suppose 15 = 5*c + 5. Is d + -2 + (10 - c) a multiple of 6?
True
Suppose -120 - 88 = -4*d. Suppose 20 = -4*k, 0 = 4*q - 3*k - 7 - d. Is 3 a factor of q?
False
Let x(z) = -z - 1. Let a be 3 - ((-10)/(-1) - 0). Is 4 a factor of x(a)?
False
Let j = -18 - -28. Is 4 a factor of j?
False
Let u = 218 + -139. Is u a multiple of 24?
False
Suppose 5*c = 9*c - 140. Is c a multiple of 11?
False
Let b be (5/(-1))/(-1 - 0). Let r(h) = h**3 - 5*h**2 + 3*h - 7. Let x be r(b). Let g = x + 7. Is g a multiple of 14?
False
Let x(c) = -c - 76. Let w be x(0). Let a = -44 - w. Does 11 divide a?
False
Suppose -p = 3*p - 4*d - 4, -4*p + 6 = -2*d. Let l(q) = 3*q**3 - 4*q**2 + 2*q. Is l(p) a multiple of 5?
False
Let t = 41 - 7. Suppose v + 1 = 6. Suppose 131 + t = v*w. Does 11 divide w?
True
Suppose 6 = -6*m + 3*m. Let r(s) = -s**2 - 4*s - 2. Let h be r(m). Let f = 40 - h. Does 14 divide f?
False
Let i(b) = b**3 - 10*b**2 + 13. Let a be i(10). Suppose 28 = -4*q + 4*h, 2*q = -2*q - h - a. Is 8 a factor of (2 + -4)/(1/q)?
True
Suppose -5*o = 4*p - 3*o - 130, 5*o = 4*p - 123. Does 8 divide p?
True
Let s(q) = q + 121. Let k be s(0). Suppose 23 = -2*t + k. Let d = t - 35. Does 14 divide d?
True
Let d(v) = -v**3 - 12*v**2 - 13*v + 12. Let k be d(-11). Let l = k + -15. Is 10 a factor of l?
False
Suppose -8*k + 80 = -0*k. Is 10 a factor of k?
True
Suppose 3*x + 2 - 77 = 0. Is 11 a factor of x?
False
Let y = 48 + -8. Is 14 a factor of y?
False
Let c(n) = n**3 - 8*n**2 - 8*n - 6. Let g be c(9). Let z(d) = -7 - 2*d - 3 - 2*d - g*d. Is z(-7) a multiple of 13?
True
Let s(m) = -m**2 - 6*m - 2. Let l be s(-5). Let j(h) = -2*h**l - 4*h**2 + 3*h - 1 + 5*h**3 + 3*h**3. Does 19 divide j(2)?
False
Let j(t) = t**3 - 9*t + 8. Is j(4) a multiple of 12?
True
Let j be (-1)/2*(-4)/1. Let m be 10/4 + 3/(-6). Is (-1)/m*j - -7 a multiple of 4?
False
Suppose -6 = d - 53. Does 7 divide d?
False
Suppose -u + 105 = 5*s, 5*s + 19 + 116 = 2*u. Is 16 a factor of u?
True
Let z be (-1)/((-2)/8) + -3. Let k(p) = 25*p**2 - p + 1. Is k(z) a multiple of 9?
False
Let u = -28 - -89. Is 31 a factor of u?
False
Suppose o - 2*u - 26 = 0, 5*o + 3*u + 19 - 162 = 0. Is 5 a factor of o?
False
Let o = 6 - 4. Let q be (1 - 2)/(-1) + 4. Suppose 2*u - 3*n = o*n, q*n - 20 = 0. Does 5 divide u?
True
Suppose -5*x = -4*x + 6. Is 13 a factor of (-145)/(-3) + x/18?
False
Let y(v) be the second derivative of -v**3/3 + 13*v**2/2 + 4*v. Is 13 a factor of y(-10)?
False
Let v be 0 + (-29 - 0)*-1. Suppose 0 = 5*n + 4 - v, -4*n + 148 = 4*r. Is 16 a factor of r?
True
Let a = 122 - 28. Is 13 a factor of a?
False
Let c = 0 + 9. Suppose -2*g - 3 = -c. Let i(h) = h**3 - h**2 - h